 5*q - 1. Determine d(z).
11
Let g(k) = -3*k - 3. Let j be g(-2). Let f be (-6)/((-3 - -2) + 0). Suppose j*s + 3*m = f, -3*m - 2*m = 3*s - 16. Let q(x) = -4*x + 1. Calculate q(s).
13
Let x(b) be the second derivative of -b**6/720 + b**5/40 + b**4/6 - 2*b. Let r(f) be the third derivative of x(f). What is r(3)?
0
Let p(v) = -v**3 - v**2 + 4*v + 3. Let w(b) = -b**3 + 7*b**2 - 8. Let u(g) = g**3 - 6*g**2 + 7. Let d(r) = -6*u(r) - 5*w(r). Let o be d(0). Determine p(o).
-1
Let b(r) = -r**2 + 5*r - 4. Let f(z) = z - 1. Let n(i) = b(i) - 5*f(i). Let t(k) = -k**3 + 7*k**2 - 6*k - 1. Let j be t(6). Determine n(j).
0
Let f(g) = g**3 - 5*g**2 + 6*g - 3. Let o be 2 - 4/1 - -6. Let z be f(o). Suppose -5*u + 8 = -q, z*q - u - 9 = -1. Let n(j) = j**2 - j - 2. Give n(q).
0
Let a(k) = k - 6. Let f(g) = 1. Let j(i) = a(i) + 6*f(i). Let p(w) = -w**2 + 2*w + 3. Let r(c) = 2*j(c) - p(c). Calculate r(4).
13
Let x(t) = 3*t. Let j = -4 + 6. Let a(k) = 0 + j*k + 1 - 9*k. Let f(m) = 4*a(m) + 9*x(m). Determine f(5).
-1
Let b(a) = 12*a + 1. Suppose -4*q - y + 5*y = 24, 5*q - 15 = -4*y. What is b(q)?
-11
Let a = -4 + 3. Let d(n) be the third derivative of n**4/2 - n**3/6 + 3*n**2. Calculate d(a).
-13
Let s be (-21)/27 + 2/(-9). Let h(z) = -3*z**3 + z**2 + 2*z + 1. Let m be h(s). Let q(g) = 4*g**2 - g**2 - 6*g**3 + 5*g**m. Calculate q(3).
0
Let b be 2 + -5 + 14/(-7). Let f(u) = -2*u**2 - 7*u - 1. Calculate f(b).
-16
Let b(w) be the third derivative of -w**6/120 + 7*w**5/60 - w**4/4 - w**3 + 16*w**2. Give b(6).
-6
Let f(c) be the second derivative of c**7/2520 - c**6/720 - c**5/60 + 5*c**4/12 + 7*c. Let z(n) be the third derivative of f(n). Determine z(3).
4
Suppose -17 - 3 = -5*y. Let n(w) = y*w - 12*w + 5*w. Determine n(-1).
3
Let s(j) = -11*j**2 - 3*j + j**2 + 3 - j**3 + j**2 - 5*j. What is s(-8)?
3
Let t be 3 + -2 + 0 - -2. Let v(q) = -4*q + 4 + 4*q**3 - 2*q**2 + 0*q - 3*q**3. Calculate v(t).
1
Let p(g) = g + 4. Let m be 1005/195 + (-2)/13. Let j(w) = 2*w + 6. Let s(d) = m*j(d) - 8*p(d). Calculate s(5).
8
Let d(s) = -s**2 + 7*s + 3. Suppose -13 = -3*j - 4*i, 6*i = -j + 4*i + 3. Calculate d(j).
3
Let w(i) = -3*i**2 + 3*i - 5. Let h be (15/(-20))/((-2)/8). Let s(j) = -2*j**2 + 2*j - 3. Let a(p) = h*w(p) - 5*s(p). What is a(3)?
6
Let w(u) = 7*u + 8. Let l(b) = 20*b + 23. Suppose 0*g = -2*g + 4, g = 3*r + 20. Let y(j) = r*l(j) + 17*w(j). What is y(2)?
-4
Suppose 0*j + i - 4 = j, i = 0. Let r(g) = -2*g + 4. Let f(t) be the first derivative of -t - 3. Let y(o) = -6*f(o) - r(o). Calculate y(j).
-6
Let w(n) = n - 6. Let y be (-2)/4 + 45/(-10). Let p = 10 + y. Calculate w(p).
-1
Let f(v) = -v**2 + v + 4. Let r = -17 + 27. Let s be 12/r*20/6. Calculate f(s).
-8
Let g(w) = -3*w**3 + w**3 - w**3 - w - 1 + 2*w**3 + 4*w**2. Give g(3).
5
Let o(f) be the first derivative of 2*f - 1/2*f**3 + 1/12*f**4 - 1 - 1/2*f**2. Let s(y) be the first derivative of o(y). What is s(3)?
-1
Let u = 5 + -3. Let x(s) = 4*s - 1. Let r be x(1). Let h(j) = 2*j - u - j + r. Calculate h(0).
1
Let a = 5 + -15. Let s = a - -13. Let x(u) = -u**3 + u**2 + 3*u + 2. What is x(s)?
-7
Let q(o) = o**2 - 2*o**2 + 7*o**2 - 3*o - o**3. Calculate q(2).
10
Let l(f) = 5*f - 1. Let g be 2/5 + 120/(-50). Suppose -3 = -0*r + r. Let h = g - r. Give l(h).
4
Let s(o) = 3*o - 1. Let x = -4 + 6. Let g be (-2 + (x - 1))*2. What is s(g)?
-7
Let a(f) = -2*f + 9. Suppose 5*o = 2*t - 0*o - 24, 3*t - 5*o - 31 = 0. Give a(t).
-5
Let j be (-2)/(12/9)*-2. Let i(y) = 3 - j*y - 2 + 0*y. Determine i(2).
-5
Let b(k) be the second derivative of -k**3/6 + 3*k**2/2 + 6*k. What is b(4)?
-1
Let k(p) be the third derivative of p**4/8 + p**3/6 + 10*p**2. Give k(-9).
-26
Let y be (-22)/(-14) - 9/(-21). Let w(j) = -3*j + 4*j - y*j + 0 + 1. Determine w(-3).
4
Let i = 15 + -11. Let h(t) be the third derivative of 1/60*t**5 - 1/8*t**i + 0 - 2/3*t**3 + t**2 + 0*t. Give h(4).
0
Suppose -3*b = r - 5, 2*r + 2*r - 62 = 2*b. Let h(v) = 4*v + v**2 - 16 - 2*v + r. Give h(-4).
6
Let v be 6/(-30)*10/(-4)*6. Let f(u) = u**2 - u - 4. What is f(v)?
2
Let u(d) = 2*d + 1 - d - 6*d + d. What is u(1)?
-3
Let l(b) = -b**2 + 4*b + 5. Let i(y) = y**2 + 3*y - 4. Suppose 5*s - 2*r + 27 = 0, 3*r - 5*r + 2 = 0. Let c be i(s). What is l(c)?
-7
Let y(w) = -w. Let x(d) = 4*d - 8. Suppose -q - 2 = -2*q. Let m(g) = q*y(g) + x(g). Give m(6).
4
Suppose -12 = 4*t + 4*p, 3*t - 2*p + 7*p + 11 = 0. Suppose 0 = 5*d - 3*b - 9, -d + 13 = -4*b + 1. Let l(o) = 2*o + o**2 + d*o + 2*o. Give l(t).
-4
Suppose -10*h = -4*h - 36. Let w(b) = -b**3 + 7*b**2 - 3*b + 5. Determine w(h).
23
Let l(k) = -2*k. Let d(s) = -1. Let f(r) = 2*d(r) - l(r). Let g be f(3). Let w(p) = -p - p**2 - 2*p - 2*p - g. Give w(-3).
2
Let h(b) be the third derivative of -2*b**2 + 1/24*b**4 + 0*b + b**3 + 0. Let t(u) = -u**2 - 8*u + 6. Let d be t(-9). Give h(d).
3
Let p(r) = -r**3 + 5*r**2 - 5. Suppose -l + 6*l = -10. Let b be 2*l/4*-60. Let k be (2/(-8))/((-3)/b). Calculate p(k).
-5
Suppose -2 = -5*l - 3*k + 4, -5*k = 4*l + 3. Let m(r) be the third derivative of 0 + 0*r - 1/120*r**6 + 1/20*r**5 - r**2 - r**l + 1/6*r**4. Determine m(4).
-6
Suppose 0*a - 8 = -4*a. Let y(m) = -7 + m**a + 1 + 0*m**2. Suppose 0*p + p = 0. What is y(p)?
-6
Let k be (-6)/(-72)*6 - 7/2. Let p(b) = -2*b - 3. Give p(k).
3
Let n be ((-1)/(-2))/((-2)/12). Let k(x) = -2*x**2 - 5*x + 3. Let y(c) = 3*c**2 + 0 + 7*c - 1 - 2 - 2*c. Let m(t) = n*y(t) - 4*k(t). Calculate m(4).
1
Let z(q) be the third derivative of q**4/24 + 5*q**3/6 - 6*q**2. Let v(s) = 0*s - s + 5*s**3 - 2*s**2 + s**2. Let p be v(-1). What is z(p)?
0
Let t(x) = -x**2. Suppose 8 = 3*v + 14. What is t(v)?
-4
Let v(k) = -12*k + 14. Let s(y) = -8*y + 9. Let l(i) = -8*s(i) + 5*v(i). What is l(2)?
6
Let o(k) be the second derivative of k**5/20 + 5*k**4/12 + 5*k**3/6 + 3*k**2 + k. Suppose 3*x = 4*z + 1, 4*z - z - 3*x = 3. What is o(z)?
2
Let p(k) be the first derivative of -k**5/24 - 4*k**3/3 + 3. Let s(q) be the third derivative of p(q). Determine s(1).
-5
Let d(g) = -g. Let j be -13 + 11 + (-5)/(-1). What is d(j)?
-3
Let z(v) = -7*v + 2. Let t(b) = -6*b + 1. Let r(i) = -6*t(i) + 5*z(i). Give r(8).
12
Let x(i) = i**2 - 2*i + 7. Let b(o) = -o**2 + 3*o - 7. Let f(c) = 6*b(c) + 5*x(c). Give f(8).
-7
Let y(h) be the third derivative of 0*h + 0 + 1/2*h**3 + h**2 - 1/12*h**4. Calculate y(3).
-3
Let h(y) = 0*y - 4*y**3 + 4*y**2 - 5*y**2 + 132 - y - 131. Give h(1).
-5
Suppose 0 = 4*s - 0*n + 4*n + 20, -5*n = 4*s + 21. Let g(t) = 3*t - 9. Let i(j) = 2*j - 5. Let b(r) = 3*g(r) - 5*i(r). Give b(s).
2
Let v(g) = -g. Let t be v(-2). Let y = 3 + t. Let j(o) = o**2 - 5*o + 4. What is j(y)?
4
Suppose -3*c + 3*b = -12, 4*b - 4 = 5*b. Suppose c = p + 1. Let l(q) = 3*q**3 - 2*q**2 + 1. Give l(p).
-4
Let z(a) = -24*a - 2. Let d(b) = -8*b - 1. Let k(i) = -7*d(i) + 2*z(i). What is k(-2)?
-13
Let s(g) be the second derivative of 0 - 1/3*g**3 - 3*g + 1/12*g**4 + 3/2*g**2. Let b = 9 - 6. Calculate s(b).
6
Let s(h) = -h**3 - 7*h**2 - 4*h + 5. Suppose 2*m + 9 + 3 = 0. Determine s(m).
-7
Let r be (-1)/(2/4) - -4. Let q(p) be the second derivative of 5/2*p**r + 2*p + 0 - 1/2*p**3. Calculate q(4).
-7
Let m be (-43)/9 - (-2)/(-9). Let w be 112/18 - 4/18. Let x(a) = -2*a - w + 2*a - a + 3. Calculate x(m).
2
Let h(b) = 4*b**2 + 2*b - 1. Let w(c) = -c**2 + 2. Let m be w(2). Let z = m + 6. Suppose 1 = z*g - 3. Determine h(g).
5
Let b(u) be the first derivative of -u**4/4 + 4*u**3/3 - 3*u**2/2 + 2*u + 7. Determine b(3).
2
Let d = -31 + 37. Let l(h) be the first derivative of -h**2/2 + 7*h + 1. Determine l(d).
1
Suppose 0 = -27*y + 25*y - 4. Let i(q) = -2*q**3 - 3*q**2 - 2*q - 3. Calculate i(y).
5
Let p(d) = -6 + 3*d + 4 + 5 - 2*d**2 + d. Calculate p(-2).
-13
Let i(n) = -2*n. Let z(a) = a**3 + 4*a**2 - 6*a - 3. Let r be z(-5). Let x be i(r). Let o = x + -1. Let m(h) = -h**3 - 6*h**2 - 5*h - 1. What is m(o)?
-1
Let r(t) be the first derivative of -t**3/3 - 5*t**2/2 + t + 41. Determine r(-7).
-13
Let b(j) = -j + 1. Let f(k) = k - 12. Let u(l) = 4*b(l) + f(l). Calculate u(-6).
10
Let m(p) = -7*p**2 + p + 3. Let l(t) = 15*t**2 - 3*t - 6. Suppose -2*y = 3*y + 65. Let a(r) = y*m(r) - 6*l(r). What is a(-6)?
3
Let x(b) = b + 8. Let g(f) = -9*f**3 + f**2 - 2*f - 2. Let r be g(-1). Suppose -r*k = -12*k. What is x(k)?
8
Let u(m) = -3*m + 2. Let